{"id":496,"date":"2020-03-16T15:40:07","date_gmt":"2020-03-16T15:40:07","guid":{"rendered":"https:\/\/the7.io\/elementor-minimal-creative-light\/?page_id=496"},"modified":"2025-04-11T19:53:37","modified_gmt":"2025-04-11T23:53:37","slug":"portafolio","status":"publish","type":"page","link":"https:\/\/lamd.com.ve\/w\/portafolio\/","title":{"rendered":"Proyectos"},"content":{"rendered":"\t\t<div data-elementor-type=\"wp-page\" data-elementor-id=\"496\" class=\"elementor elementor-496\" data-elementor-post-type=\"page\">\n\t\t\t\t\t\t<section class=\"elementor-section elementor-top-section elementor-element elementor-element-554241e elementor-section-boxed elementor-section-height-default elementor-section-height-default\" data-id=\"554241e\" data-element_type=\"section\">\n\t\t\t\t\t\t<div class=\"elementor-container elementor-column-gap-wider\">\n\t\t\t\t\t<div class=\"elementor-column elementor-col-100 elementor-top-column elementor-element elementor-element-754b26d\" data-id=\"754b26d\" data-element_type=\"column\">\n\t\t\t<div class=\"elementor-widget-wrap elementor-element-populated\">\n\t\t\t\t\t\t<div class=\"elementor-element elementor-element-7a8c44b elementor-widget elementor-widget-heading\" data-id=\"7a8c44b\" data-element_type=\"widget\" data-widget_type=\"heading.default\">\n\t\t\t\t<div class=\"elementor-widget-container\">\n\t\t\t\t\t<h1 class=\"elementor-heading-title elementor-size-default\">Proyectos<\/h1>\t\t\t\t<\/div>\n\t\t\t\t<\/div>\n\t\t\t\t<div class=\"elementor-element elementor-element-7c7910e elementor-widget elementor-widget-spacer\" data-id=\"7c7910e\" data-element_type=\"widget\" data-widget_type=\"spacer.default\">\n\t\t\t\t<div class=\"elementor-widget-container\">\n\t\t\t\t\t\t\t<div class=\"elementor-spacer\">\n\t\t\t<div class=\"elementor-spacer-inner\"><\/div>\n\t\t<\/div>\n\t\t\t\t\t\t<\/div>\n\t\t\t\t<\/div>\n\t\t\t\t<div class=\"elementor-element elementor-element-1c72fe3 elementor-widget elementor-widget-text-editor\" data-id=\"1c72fe3\" data-element_type=\"widget\" data-widget_type=\"text-editor.default\">\n\t\t\t\t<div class=\"elementor-widget-container\">\n\t\t\t\t\t\t\t\t\t<p>Soluciones integrales a desaf\u00edos.<\/p>\t\t\t\t\t\t\t\t<\/div>\n\t\t\t\t<\/div>\n\t\t\t\t\t<\/div>\n\t\t<\/div>\n\t\t\t\t\t<\/div>\n\t\t<\/section>\n\t\t\t\t<section class=\"elementor-section elementor-top-section elementor-element elementor-element-156fda3f elementor-section-boxed elementor-section-height-default elementor-section-height-default\" data-id=\"156fda3f\" data-element_type=\"section\">\n\t\t\t\t\t\t<div class=\"elementor-container elementor-column-gap-wider\">\n\t\t\t\t\t<div class=\"elementor-column elementor-col-100 elementor-top-column elementor-element elementor-element-2cfbb4d5\" data-id=\"2cfbb4d5\" data-element_type=\"column\">\n\t\t\t<div class=\"elementor-widget-wrap elementor-element-populated\">\n\t\t\t\t\t\t<div class=\"elementor-element elementor-element-5fa14832 elementor-widget elementor-widget-the7_elements\" data-id=\"5fa14832\" data-element_type=\"widget\" data-widget_type=\"the7_elements.default\">\n\t\t\t\t<div class=\"elementor-widget-container\">\n\t\t\t\t\t<div class=\"portfolio-shortcode the7-elementor-widget the7_elements-5fa14832 mode-masonry gradient-overlap-layout-list description-under-image content-bg-on widget-with-filter loading-effect-none jquery-filter lazy-loading-mode\" data-padding=\"0\" data-width=\"300\" data-columns=\"3\" data-post-limit=\"6\" data-pagination-mode=\"load-more\" data-scroll-offset=\"\" aria-live=\"assertive\"><div class=\"iso-filter filter-decorations extras-off filter filter-pointer-default show-filter-categories   filter-underline-decoration\"><div class=\"filter-categories\" data-default-order=\"\" data-default-orderby=\"\"><a href=\"https:\/\/lamd.com.ve\/w\/portafolio\/\" class=\"show-all filter-item act\" data-filter=\"*\" aria-label=\"Apply filter: Ver todos\">Ver todos<\/a><a href=\"https:\/\/lamd.com.ve\/w\/portafolio\/?term=construidos\" class=\"filter-item construidos\" data-filter=\".category-38\" aria-label=\"Apply filter: Construidos\">Construidos<\/a><a href=\"https:\/\/lamd.com.ve\/w\/portafolio\/?term=en-construccion\" class=\"filter-item en-construccion\" data-filter=\".category-40\" aria-label=\"Apply filter: En construcci\u00f3n\">En construcci\u00f3n<\/a><\/div><\/div><div class=\"iso-container dt-isotope custom-iso-columns\"><div class=\"visible wf-cell iso-item category-38\" data-post-id=\"108\" data-date=\"2020-03-11T16:35:00-04:00\" data-name=\"Casapro Homecenter Barinas\"><article class=\"post visible post-108 dt_portfolio type-dt_portfolio status-publish has-post-thumbnail hentry dt_portfolio_category-construidos\" data-name=\"Casapro Homecenter Barinas\" data-date=\"2020-03-11T16:35:00-04:00\">\n\n\t<div class=\"post-thumbnail-wrap\">\n\t\t<div class=\"post-thumbnail\">\n\n\t\t\t<a class=\"post-thumbnail-rollover layzr-bg img-css-resize-wrapper\" aria-label=\"Post image\" href=\"https:\/\/lamd.com.ve\/w\/project\/casaprobarinas\/\"><img fetchpriority=\"high\" decoding=\"async\" width=\"1500\" height=\"1100\" src=\"data:image\/svg+xml,%3Csvg%20xmlns%3D&#039;http%3A%2F%2Fwww.w3.org%2F2000%2Fsvg&#039;%20viewBox%3D&#039;0%200%201500%201100&#039;%2F%3E\" class=\"attachment-full size-full preload-me aspect lazy lazy-load\" alt=\"\" sizes=\"(max-width: 1500px) 100vw, 1500px\" style=\"--ratio: 1500 \/ 1100;\" data-src=\"https:\/\/lamd.com.ve\/w\/wp-content\/uploads\/2023\/05\/casapro-fachada-1500x1100-1.jpg\" loading=\"eager\" data-srcset=\"https:\/\/lamd.com.ve\/w\/wp-content\/uploads\/2023\/05\/casapro-fachada-1500x1100-1.jpg 1500w, https:\/\/lamd.com.ve\/w\/wp-content\/uploads\/2023\/05\/casapro-fachada-1500x1100-1-300x220.jpg 300w, https:\/\/lamd.com.ve\/w\/wp-content\/uploads\/2023\/05\/casapro-fachada-1500x1100-1-1024x751.jpg 1024w, https:\/\/lamd.com.ve\/w\/wp-content\/uploads\/2023\/05\/casapro-fachada-1500x1100-1-768x563.jpg 768w\" \/><\/a>\n\t\t<\/div>\n\t<\/div>\n\n\n<div class=\"post-entry-content\">\n\n\t<h3 class=\"ele-entry-title\"><a href=\"https:\/\/lamd.com.ve\/w\/project\/casaprobarinas\/\" rel=\"bookmark\" title=\"Casapro Homecenter Barinas\">Casapro Homecenter Barinas<\/a><\/h3><div class=\"entry-meta\"><span class=\"meta-item category-link\"><a href=\"https:\/\/lamd.com.ve\/w\/project-category\/construidos\/\" rel=\"tag\">Construidos<\/a><\/span><\/div>\n<\/div><\/article><\/div><div class=\"visible wf-cell iso-item category-38\" data-post-id=\"87\" data-date=\"2020-03-15T16:25:33-04:00\" data-name=\"La Cr\u00e9me\"><article class=\"post visible post-87 dt_portfolio type-dt_portfolio status-publish has-post-thumbnail hentry dt_portfolio_category-construidos\" data-name=\"La Cr\u00e9me\" data-date=\"2020-03-15T16:25:33-04:00\">\n\n\t<div class=\"post-thumbnail-wrap\">\n\t\t<div class=\"post-thumbnail\">\n\n\t\t\t<a class=\"post-thumbnail-rollover layzr-bg img-css-resize-wrapper\" aria-label=\"Post image\" href=\"https:\/\/lamd.com.ve\/w\/project\/lacreme\/\"><img decoding=\"async\" width=\"1500\" height=\"1100\" src=\"data:image\/svg+xml,%3Csvg%20xmlns%3D&#039;http%3A%2F%2Fwww.w3.org%2F2000%2Fsvg&#039;%20viewBox%3D&#039;0%200%201500%201100&#039;%2F%3E\" class=\"attachment-full size-full preload-me aspect lazy lazy-load\" alt=\"\" sizes=\"(max-width: 1500px) 100vw, 1500px\" style=\"--ratio: 1500 \/ 1100;\" data-src=\"https:\/\/lamd.com.ve\/w\/wp-content\/uploads\/2023\/05\/lacreme-1500x1100-1.jpg\" loading=\"eager\" data-srcset=\"https:\/\/lamd.com.ve\/w\/wp-content\/uploads\/2023\/05\/lacreme-1500x1100-1.jpg 1500w, https:\/\/lamd.com.ve\/w\/wp-content\/uploads\/2023\/05\/lacreme-1500x1100-1-300x220.jpg 300w, https:\/\/lamd.com.ve\/w\/wp-content\/uploads\/2023\/05\/lacreme-1500x1100-1-1024x751.jpg 1024w, https:\/\/lamd.com.ve\/w\/wp-content\/uploads\/2023\/05\/lacreme-1500x1100-1-768x563.jpg 768w\" \/><\/a>\n\t\t<\/div>\n\t<\/div>\n\n\n<div class=\"post-entry-content\">\n\n\t<h3 class=\"ele-entry-title\"><a href=\"https:\/\/lamd.com.ve\/w\/project\/lacreme\/\" rel=\"bookmark\" title=\"La Cr\u00e9me\">La Cr\u00e9me<\/a><\/h3><div class=\"entry-meta\"><span class=\"meta-item category-link\"><a href=\"https:\/\/lamd.com.ve\/w\/project-category\/construidos\/\" rel=\"tag\">Construidos<\/a><\/span><\/div>\n<\/div><\/article><\/div><div class=\"visible wf-cell iso-item category-40\" data-post-id=\"6444\" data-date=\"2023-05-19T18:58:52-04:00\" data-name=\"K8\"><article class=\"post visible post-6444 dt_portfolio type-dt_portfolio status-publish has-post-thumbnail hentry dt_portfolio_category-en-construccion\" data-name=\"K8\" data-date=\"2023-05-19T18:58:52-04:00\">\n\n\t<div class=\"post-thumbnail-wrap\">\n\t\t<div class=\"post-thumbnail\">\n\n\t\t\t<a class=\"post-thumbnail-rollover layzr-bg img-css-resize-wrapper\" aria-label=\"Post image\" href=\"https:\/\/lamd.com.ve\/w\/project\/k8\/\"><img decoding=\"async\" width=\"1500\" height=\"1100\" src=\"data:image\/svg+xml,%3Csvg%20xmlns%3D&#039;http%3A%2F%2Fwww.w3.org%2F2000%2Fsvg&#039;%20viewBox%3D&#039;0%200%201500%201100&#039;%2F%3E\" class=\"attachment-full size-full preload-me aspect lazy lazy-load\" alt=\"\" sizes=\"(max-width: 1500px) 100vw, 1500px\" style=\"--ratio: 1500 \/ 1100;\" data-src=\"https:\/\/lamd.com.ve\/w\/wp-content\/uploads\/2023\/05\/k8-1500x1100-1.jpg\" loading=\"eager\" data-srcset=\"https:\/\/lamd.com.ve\/w\/wp-content\/uploads\/2023\/05\/k8-1500x1100-1.jpg 1500w, https:\/\/lamd.com.ve\/w\/wp-content\/uploads\/2023\/05\/k8-1500x1100-1-300x220.jpg 300w, https:\/\/lamd.com.ve\/w\/wp-content\/uploads\/2023\/05\/k8-1500x1100-1-1024x751.jpg 1024w, https:\/\/lamd.com.ve\/w\/wp-content\/uploads\/2023\/05\/k8-1500x1100-1-768x563.jpg 768w\" \/><\/a>\n\t\t<\/div>\n\t<\/div>\n\n\n<div class=\"post-entry-content\">\n\n\t<h3 class=\"ele-entry-title\"><a href=\"https:\/\/lamd.com.ve\/w\/project\/k8\/\" rel=\"bookmark\" title=\"K8\">K8<\/a><\/h3><div class=\"entry-meta\"><span class=\"meta-item category-link\"><a href=\"https:\/\/lamd.com.ve\/w\/project-category\/en-construccion\/\" rel=\"tag\">En construcci\u00f3n<\/a><\/span><\/div>\n<\/div><\/article><\/div><div class=\"visible wf-cell iso-item category-40\" data-post-id=\"6439\" data-date=\"2023-05-19T18:57:01-04:00\" data-name=\"Valle Hermoso\"><article class=\"post visible post-6439 dt_portfolio type-dt_portfolio status-publish has-post-thumbnail hentry dt_portfolio_category-en-construccion\" data-name=\"Valle Hermoso\" data-date=\"2023-05-19T18:57:01-04:00\">\n\n\t<div class=\"post-thumbnail-wrap\">\n\t\t<div class=\"post-thumbnail\">\n\n\t\t\t<a class=\"post-thumbnail-rollover layzr-bg img-css-resize-wrapper\" aria-label=\"Post image\" href=\"https:\/\/lamd.com.ve\/w\/project\/valle-hermoso\/\"><img decoding=\"async\" width=\"1500\" height=\"1100\" src=\"data:image\/svg+xml,%3Csvg%20xmlns%3D&#039;http%3A%2F%2Fwww.w3.org%2F2000%2Fsvg&#039;%20viewBox%3D&#039;0%200%201500%201100&#039;%2F%3E\" class=\"attachment-full size-full preload-me aspect lazy lazy-load\" alt=\"\" sizes=\"(max-width: 1500px) 100vw, 1500px\" style=\"--ratio: 1500 \/ 1100;\" data-src=\"https:\/\/lamd.com.ve\/w\/wp-content\/uploads\/2023\/05\/vallehermoso-1500x1100-1.jpg\" loading=\"eager\" data-srcset=\"https:\/\/lamd.com.ve\/w\/wp-content\/uploads\/2023\/05\/vallehermoso-1500x1100-1.jpg 1500w, https:\/\/lamd.com.ve\/w\/wp-content\/uploads\/2023\/05\/vallehermoso-1500x1100-1-300x220.jpg 300w, https:\/\/lamd.com.ve\/w\/wp-content\/uploads\/2023\/05\/vallehermoso-1500x1100-1-1024x751.jpg 1024w, https:\/\/lamd.com.ve\/w\/wp-content\/uploads\/2023\/05\/vallehermoso-1500x1100-1-768x563.jpg 768w\" \/><\/a>\n\t\t<\/div>\n\t<\/div>\n\n\n<div class=\"post-entry-content\">\n\n\t<h3 class=\"ele-entry-title\"><a href=\"https:\/\/lamd.com.ve\/w\/project\/valle-hermoso\/\" rel=\"bookmark\" title=\"Valle Hermoso\">Valle Hermoso<\/a><\/h3><div class=\"entry-meta\"><span class=\"meta-item category-link\"><a href=\"https:\/\/lamd.com.ve\/w\/project-category\/en-construccion\/\" rel=\"tag\">En construcci\u00f3n<\/a><\/span><\/div>\n<\/div><\/article><\/div><\/div><!-- iso-container|iso-grid --><div class=\"paginator filter-decorations paginator-more-button filter-pointer-underline filter-animation-fade\">\n\t\t\t\t<a class=\"button-load-more highlighted filter-item\" href=\"javascript:void(0);\" data-dt-page=\"1\" ><span class=\"button-caption\">Cargar m\u00e1s<\/span><\/a>\n\t\t\t<\/div><\/div>\t\t\t\t<\/div>\n\t\t\t\t<\/div>\n\t\t\t\t\t<\/div>\n\t\t<\/div>\n\t\t\t\t\t<\/div>\n\t\t<\/section>\n\t\t\t\t<section class=\"elementor-section elementor-top-section elementor-element elementor-element-cd117a6 elementor-section-boxed elementor-section-height-default elementor-section-height-default\" data-id=\"cd117a6\" data-element_type=\"section\">\n\t\t\t\t\t\t<div class=\"elementor-container elementor-column-gap-wider\">\n\t\t\t\t\t<div class=\"elementor-column elementor-col-100 elementor-top-column elementor-element elementor-element-f8c87b9\" data-id=\"f8c87b9\" data-element_type=\"column\">\n\t\t\t<div class=\"elementor-widget-wrap elementor-element-populated\">\n\t\t\t\t\t\t<div class=\"elementor-element elementor-element-51f711a elementor-widget elementor-widget-heading\" data-id=\"51f711a\" data-element_type=\"widget\" data-widget_type=\"heading.default\">\n\t\t\t\t<div class=\"elementor-widget-container\">\n\t\t\t\t\t<h3 class=\"elementor-heading-title elementor-size-default\">Nuestros aliados<\/h3>\t\t\t\t<\/div>\n\t\t\t\t<\/div>\n\t\t\t\t<div class=\"elementor-element elementor-element-66988ca arrows-relative-to-box_area slider-layout_1 slider-tablet-default slider-mobile-default slide-h-position-center preserve-img-ratio-cover bullets-small-dot-stroke elementor-widget elementor-widget-the7_content_carousel\" data-id=\"66988ca\" data-element_type=\"widget\" data-settings=\"{&quot;wide_desk_columns&quot;:5,&quot;widget_columns&quot;:10,&quot;widget_columns_tablet&quot;:4,&quot;widget_columns_mobile&quot;:2,&quot;gap_between_posts_tablet&quot;:{&quot;unit&quot;:&quot;px&quot;,&quot;size&quot;:10,&quot;sizes&quot;:[]},&quot;gap_between_posts_mobile&quot;:{&quot;unit&quot;:&quot;px&quot;,&quot;size&quot;:0,&quot;sizes&quot;:[]},&quot;normal_arrow_bg_color&quot;:&quot;#FFFFFF00&quot;,&quot;hover_arrow_bg_color&quot;:&quot;#FFFFFF00&quot;,&quot;gap_between_posts&quot;:{&quot;unit&quot;:&quot;px&quot;,&quot;size&quot;:30,&quot;sizes&quot;:[]}}\" data-widget_type=\"the7_content_carousel.default\">\n\t\t\t\t<div class=\"elementor-widget-container\">\n\t\t\t\t\t<div class=\"disable-arrows-hover-bg owl-carousel text-and-icon-carousel elementor-owl-carousel-call the7-elementor-widget the7_content_carousel-66988ca\" data-scroll-mode=\"1\" data-auto-height=\"false\" data-speed=\"600\" data-autoplay=\"false\" data-autoplay_speed=\"\"><div  class=\"dt-owl-item-wrap elements-hover\"  ><div class=\"dt-owl-item-inner \"><div  class=\"dt-owl-item-image layzr-bg img-css-resize-wrapper\"> <img decoding=\"async\" width=\"96\" height=\"96\" src=\"data:image\/svg+xml,%3Csvg%20xmlns%3D&#039;http%3A%2F%2Fwww.w3.org%2F2000%2Fsvg&#039;%20viewBox%3D&#039;0%200%2096%2096&#039;%2F%3E\" class=\"attachment-full size-full preload-me aspect lazy lazy-load\" alt=\"\" style=\"--ratio: 96 \/ 96;\" data-src=\"https:\/\/lamd.com.ve\/w\/wp-content\/uploads\/2023\/06\/axxi-logo-1.png\" loading=\"eager\" \/><\/div><\/div><\/div><\/div><div class=\"owl-nav disabled\"><div class=\"owl-prev\" role=\"button\" tabindex=\"0\" aria-label=\"Prev slide\"><i class=\"feather feather-chevron-left\"><\/i><\/div><div class=\"owl-next\" role=\"button\" tabindex=\"0\" aria-label=\"Next slide\"><i class=\"feather feather-chevron-right\"><\/i><\/div><\/div>\t\t\t\t<\/div>\n\t\t\t\t<\/div>\n\t\t\t\t\t<\/div>\n\t\t<\/div>\n\t\t\t\t\t<\/div>\n\t\t<\/section>\n\t\t\t\t<\/div>\n\t\t","protected":false},"excerpt":{"rendered":"<p>Proyectos Soluciones integrales a desaf\u00edos. Ver todosConstruidosProyectos K8 Proyectos Valle Hermoso Construidos La Cr\u00e9me Construidos Casapro Homecenter Barinas Construidos Cargar m\u00e1s Nuestros aliados<\/p>\n","protected":false},"author":1,"featured_media":0,"parent":0,"menu_order":5,"comment_status":"closed","ping_status":"closed","template":"","meta":{"footnotes":""},"class_list":["post-496","page","type-page","status-publish","hentry"],"_links":{"self":[{"href":"https:\/\/lamd.com.ve\/w\/wp-json\/wp\/v2\/pages\/496","targetHints":{"allow":["GET"]}}],"collection":[{"href":"https:\/\/lamd.com.ve\/w\/wp-json\/wp\/v2\/pages"}],"about":[{"href":"https:\/\/lamd.com.ve\/w\/wp-json\/wp\/v2\/types\/page"}],"author":[{"embeddable":true,"href":"https:\/\/lamd.com.ve\/w\/wp-json\/wp\/v2\/users\/1"}],"replies":[{"embeddable":true,"href":"https:\/\/lamd.com.ve\/w\/wp-json\/wp\/v2\/comments?post=496"}],"version-history":[{"count":47,"href":"https:\/\/lamd.com.ve\/w\/wp-json\/wp\/v2\/pages\/496\/revisions"}],"predecessor-version":[{"id":6624,"href":"https:\/\/lamd.com.ve\/w\/wp-json\/wp\/v2\/pages\/496\/revisions\/6624"}],"wp:attachment":[{"href":"https:\/\/lamd.com.ve\/w\/wp-json\/wp\/v2\/media?parent=496"}],"curies":[{"name":"wp","href":"https:\/\/api.w.org\/{rel}","templated":true}]}}